common factor of y and g.
10
Let j(w) be the third derivative of w**5/10 + 7*w**4/24 + 37*w**3/6 - 6*w**2 - 9*w. Let q be j(-4). Calculate the highest common divisor of q and 28.
7
Suppose -m + 4045 = 3*c, 166*c + 2725 = 168*c - 5*m. Calculate the highest common factor of 810 and c.
270
Let f be (-836)/(-5434) + (-466)/(-13) + -1. What is the greatest common divisor of 3395 and f?
35
Let z(i) = -5*i + 3. Let v(p) = 10*p - 6. Let b(l) = -4*v(l) - 7*z(l). Let f be b(-5). Suppose -f = 4*h - 96. Calculate the highest common factor of 51 and h.
17
Let l = 177 - 367. Let r = -155 - l. What is the highest common divisor of 10 and r?
5
Suppose 0 = -4*h, -5*m + 35 = 4*h + 5. Let g be -1*55/10*m. Let a be (-286)/g - (-2)/6. What is the greatest common divisor of a and 81?
9
Suppose -x = 4*w + 2 - 28, -2*x = 4*w - 64. Let m = x - 37. Suppose 0 = 6*u - 7*u + m. What is the highest common factor of 9 and u?
1
Suppose -4*o = 2*y - 60264, -2828*o - 5*y = -2823*o - 75335. What is the highest common factor of o and 69?
23
Suppose 7 + 2 = -a. Let g be ((-6)/3)/(3/a). Let v(d) = d + 2. Let f be v(2). What is the highest common divisor of f and g?
2
Suppose -18*u + 23*u - 25 = 0. Suppose 0 = -u*i + 8*i - 345. What is the highest common factor of i and 69?
23
Let a be (-366)/(-13) + 16/(-104). Suppose 32 + a = r. What is the greatest common factor of 150 and r?
30
Suppose -40 = -6*v + 4*v. Let m be ((-10)/v)/(-1*(-4)/(-512)). Calculate the greatest common divisor of 4 and m.
4
Suppose 0 = -151*r + 127*r + 3888. What is the greatest common divisor of r and 81?
81
Let a = 28 - 18. Let r be (0/(-3) - 0)/2 - -234. Let x = -230 + r. Calculate the greatest common divisor of a and x.
2
Let s = 242 + -242. Let c be (s/2 + 3)*68. Calculate the highest common factor of 51 and c.
51
Let x = 954 - 3969. Let r = -1422 - x. What is the highest common factor of 9 and r?
9
Let k = -11948 + 12868. What is the greatest common divisor of 1495 and k?
115
Suppose -48 = -4*k + 2*k. Suppose 3*t - 12*a = -11*a + 68, 4*a + 104 = 5*t. What is the greatest common factor of t and k?
24
Let t be (-6 + -1)*(730/(-219) - 1842/63). What is the greatest common factor of t and 4674?
114
Let a = 37038 + -37027. What is the greatest common divisor of a and 34309?
11
Let h(w) = -3*w**3 + 9*w**2 - 15*w - 7. Let u be h(7). Let l = u - -739. Calculate the highest common factor of 1053 and l.
39
Let d(r) = r**3 - 2*r**2 - 2*r + 3. Let f be d(4). Suppose -2*p = -55*n + 48*n + 77, 5*n - 52 = p. What is the highest common divisor of n and f?
9
Let y(o) = 6*o - 6. Let s be y(4). Suppose 211*c = 207*c - 600. Let j = c + 156. Calculate the highest common factor of s and j.
6
Let l = -221 - -230. Let b(k) = 2*k**2 - 7*k - 9. Let d be b(l). What is the highest common factor of 45 and d?
45
Let t = -235 + 226. Let g be -9 + (t - -8) + 238. Calculate the highest common divisor of 24 and g.
12
Suppose 0 = -4*x + 4, -2*n - 13*x + 10*x = 29. Let k(a) = a**2 - 24*a - 28. Let c be k(n). What is the highest common divisor of c and 9?
9
Suppose -110*y - 22*y = 36*y - 107352. What is the greatest common factor of 72 and y?
9
Suppose 0*z - 2*z + k = -12, 4*k = -4*z + 12. Suppose -x - x + 6 = 0, -x - 1302 = -z*f. Calculate the greatest common factor of f and 9.
9
Let r(y) = -5*y - 2. Let n be r(-2). Suppose 4*a - n = 2*a. Let f be ((-10)/a - -3)*22. Calculate the highest common factor of 1 and f.
1
Let q be (-1512)/24*2/(-3). Let l be 2/(2/(-97)) - 1. Let z = l + 203. What is the greatest common divisor of q and z?
21
Let u(c) = c**3 + 15*c**2 + 3*c + 50. Let b be u(-15). Suppose 9*y + 10865 = b*v + 7*y, -4*v + 4*y + 8704 = 0. Calculate the highest common divisor of 13 and v.
13
Suppose -410*m + 438*m = 756. Calculate the greatest common divisor of m and 522.
9
Let l be -2 + (-3 - 1) - -60. Calculate the highest common divisor of l and 1350.
54
Let q = 320 - 198. Let v be (488/(-16))/(-1*(-1)/(-6)). Calculate the greatest common divisor of q and v.
61
Let l(h) be the third derivative of 2*h**4/3 + 40*h**3/3 + 7*h**2 + 4*h. Let i be l(10). What is the highest common factor of i and 60?
60
Let p be (((-8 - -14) + -7)*28)/((-4)/2982). Calculate the greatest common factor of 28 and p.
14
Suppose -49*h - 52*h + 90*h + 1023 = 0. What is the highest common divisor of 93 and h?
93
Let r(z) = 2*z**3 + 9*z**2 - 6*z - 2. Suppose 6 = 2*p + 24. Let g be p/2 + (-4)/((-8)/(-1)). Let j be r(g). What is the greatest common divisor of 6 and j?
3
Let f(m) = 2*m + 5. Suppose 31*g - 33*g - 144 = 0. Let w be (-2 - 8/(-3))/((-48)/g). Let p be f(w). What is the highest common factor of 49 and p?
7
Let f = -73 - -93. Let b = -1986 - -2116. Calculate the greatest common factor of b and f.
10
Let v be ((-30)/(-4) - 5)*(31 + 3 + -12). Calculate the greatest common factor of 265 and v.
5
Let n(c) = c**3 - c**2 - 2*c + 2. Let k be n(2). Suppose -o = -0*y - k*y - 29, -3*y = -3*o + 75. Calculate the greatest common factor of o and 168.
21
Let s = -4749 - -4812. Let z be 301/14 - (-1)/(-2). Calculate the greatest common factor of z and s.
21
Let d(s) = 614*s - 3. Let j be d(-1). Let i = 621 + j. What is the greatest common divisor of 23 and i?
1
Let w = -616 + 2453. Calculate the greatest common divisor of w and 1169.
167
Let s = 2440 + -2438. Suppose l - 4*l + 240 = 0. Suppose l = 3*r + s*m - 6, -3*m - 6 = 0. What is the highest common divisor of r and 40?
10
Let x = 317209 + -317206. Suppose -m = -70 + 1. Calculate the highest common factor of x and m.
3
Let k = 3113 - 3085. Calculate the highest common factor of 133 and k.
7
Suppose -101*p + 105*p = 101 + 7. What is the greatest common divisor of p and 99?
9
Let f(b) = -10*b - 8. Let n be f(-3). Suppose 7836 = n*s + 1676. Calculate the greatest common factor of 56 and s.
56
Let h = 620 - 600. What is the greatest common divisor of 2180 and h?
20
Let x(b) = b**2 + 2*b - 6. Let p be x(-9). Let z be -3 - ((0 - 77) + 4). Let l = z - p. What is the highest common divisor of l and 52?
13
Let v(a) = 4*a**2 - 5*a + 1. Let k be v(-5). Suppose k + 326 = 4*m. Suppose -4*z = -o + 6*o - m, -69 = -3*o - 2*z. What is the highest common factor of o and 5?
5
Suppose 8*q = -2*y + 333702, -21*q + 5*y = -20*q - 41676. Calculate the highest common divisor of 53 and q.
53
Suppose 2*w = 13 - 11. Let z(g) = 30*g**3 + 5*g - 5. Let b be z(w). Let q = 23 - 3. What is the highest common factor of b and q?
10
Suppose -15215 = -158*c + 51524 + 3413. Calculate the highest common factor of c and 5994.
222
Suppose 50*t + 14725 = 75*t. Calculate the greatest common divisor of t and 124.
31
Suppose -104*k = -92*k - 48. Let c(z) = 103*z - 72. Let j be c(k). What is the highest common divisor of j and 20?
20
Let d = 0 - -6. Let q be 2/d + (-250)/(-6). Let z be (-1)/7 - 18318/(-2982). Calculate the greatest common factor of z and q.
6
Suppose 3*s + 25 = 16. Let o be 1/(s/2)*42/(-28). Let w = -11 - -12. Calculate the greatest common divisor of w and o.
1
Let g be 14/(-84) + 242/12. Let f = 406 - 226. Suppose 0*i - f = -6*i. Calculate the highest common divisor of g and i.
10
Let z(h) be the second derivative of -h**5/20 - 11*h**4/4 + 3*h**2/2 + 3*h - 3. Let q be z(-33). Calculate the greatest common divisor of q and 5.
1
Suppose -3 - 95 = 2*b. Let h = 56 + b. Suppose -3*n = -5*x - 36, 2*n + 3*x = 17 + h. What is the highest common factor of 30 and n?
6
Let g(n) = n + 2. Let p be g(2). Suppose -2*k + 16 = -p*k. Let b be 12/(-16) - (2 + 1750/k). What is the highest common factor of b and 27?
27
Let b be (0 + 1)/(4/48). Let d = -98 + 416. Let o = d + -222. Calculate the highest common divisor of o and b.
12
Let w(x) = x**3 - 13*x**2 + 20*x + 7. Let y be w(11). Let z = y - -23. What is the greatest common divisor of 128 and z?
8
Suppose 0 = 3*k + 230 - 1526. Calculate the greatest common factor of k and 108.
108
Suppose -402 + 158 = 4*m. Let q = m + 67. What is the greatest common factor of q and 9?
3
Let a = 2922 - 2910. Calculate the highest common factor of a and 1422.
6
Let z(b) = -9*b**2 - 34*b - 17. Let y be z(-18). Let t = y - -3322. Suppose 5*u - t = 99. What is the highest common divisor of u and 44?
44
Let k be -12 + 14 + (61 - 0). Suppose -k*v + 312 = -50*v. Calculate the highest common factor of 248 and v.
8
Let r = 379 - 338. S